110 + -112?
221
In base 4, what is -1 + 202331?
202330
In base 9, what is -1 - 483?
-484
In base 3, what is -12 + -2212?
-10001
In base 4, what is 330 + -2333?
-2003
In base 2, what is -100001111101 - 0?
-100001111101
In base 9, what is 183 - 34?
148
In base 8, what is -406 + -76?
-504
In base 8, what is -2 - 1027?
-1031
In base 4, what is 12 + 111?
123
In base 13, what is -39b + 3?
-398
In base 5, what is -3132310 - 10?
-3132320
In base 7, what is -44 + 132?
55
In base 11, what is -223 + 1?
-222
In base 8, what is -40 - 31?
-71
In base 4, what is -1 - 311032?
-311033
In base 15, what is 1 + -4c5?
-4c4
In base 6, what is 10 - -51544?
51554
In base 16, what is -ab + 13?
-98
In base 13, what is c - cb?
-bc
In base 16, what is -58 - b?
-63
In base 2, what is 10000 - -10001?
100001
In base 13, what is c + -9?
3
In base 9, what is -2 - 35?
-37
In base 11, what is 3 - -15a0?
15a3
In base 14, what is 3 - 4b7?
-4b4
In base 11, what is 611 + -26?
596
In base 6, what is 13 - 23?
-10
In base 14, what is 598 + 3?
59b
In base 5, what is -3012 + 2?
-3010
In base 16, what is -2 + -ec?
-ee
In base 9, what is 214 + 20?
234
In base 13, what is 2b + -2?
29
In base 15, what is 65 - 3?
62
In base 3, what is 201 - 210222?
-210021
In base 15, what is 8 - -ca?
d3
In base 15, what is 4da - 5?
4d5
In base 2, what is -110 + -110?
-1100
In base 6, what is 3 - -13013?
13020
In base 8, what is 4 + -114?
-110
In base 4, what is -21 - 31?
-112
In base 5, what is 4 + 100110?
100114
In base 10, what is -176 - 9?
-185
In base 11, what is 28 + 580?
5a8
In base 14, what is 0 - d54?
-d54
In base 2, what is 1 - -10110001111?
10110010000
In base 3, what is -101 + -2?
-110
In base 12, what is 5 + 9a?
a3
In base 15, what is -9d + -4?
-a2
In base 7, what is 14 - 212?
-165
In base 11, what is -1a74 - 3?
-1a77
In base 14, what is c - 305?
-2d7
In base 16, what is f - 18?
-9
In base 5, what is 43 - -13?
111
In base 9, what is 16 - -4?
21
In base 15, what is 4 - 761?
-75c
In base 7, what is 3 + -50?
-44
In base 11, what is 115 - -9?
123
In base 10, what is -342 + 26?
-316
In base 5, what is -3144 - 10?
-3204
In base 8, what is -4 - 116?
-122
In base 6, what is 5 + -23320?
-23311
In base 8, what is -4 - 136?
-142
In base 12, what is 13 - 18?
-5
In base 7, what is -53 + 0?
-53
In base 7, what is 3 + 153?
156
In base 6, what is -3 + -2125?
-2132
In base 7, what is 1254 - -1?
1255
In base 4, what is -10330 - -3?
-10321
In base 10, what is -337 + 0?
-337
In base 4, what is 102 - -3121?
3223
In base 15, what is -2a + 52?
27
In base 3, what is 202 + -220?
-11
In base 8, what is -1702 + -5?
-1707
In base 13, what is -811 + a?
-804
In base 8, what is 1 - 223?
-222
In base 5, what is -2 + 121?
114
In base 9, what is -570 + -3?
-573
In base 5, what is -4 + -423?
-432
In base 8, what is -10 + 46?
36
In base 4, what is -11 - -1112?
1101
In base 10, what is 1154 + 0?
1154
In base 4, what is 2 - -1010?
1012
In base 10, what is 417 + 2?
419
In base 11, what is 793 - -9?
7a1
In base 7, what is 0 + 26534?
26534
In base 16, what is 46 + 4?
4a
In base 9, what is -683 - -1?
-682
In base 4, what is -33213 + 10?
-33203
In base 14, what is -2 - -39?
37
In base 3, what is -2 + 1212?
1210
In base 14, what is 5 + -19?
-14
In base 3, what is -111221 - 12?
-112010
In base 5, what is 0 + 1?
1
In base 7, what is 2 - -36311?
36313
In base 16, what is -603 + 4?
-5ff
In base 15, what is 20 - 1a?
5
In base 11, what is -1 - 71?
-72
In base 14, what is 2dc + 1?
2dd
In base 10, what is 2 - -525?
527
In base 7, what is 152 - 15?
134
In base 10, what is 3378 + -7?
3371
In base 12, what is -4 + 2?
-2
In base 10, what is -14 - 530?
-544
In base 12, what is 51 + 2?
53
In base 5, what is -4 - -4314?
4310
In base 16, what is -2 - -15db?
15d9
In base 8, what is 64 - 3?
61
In base 15, what is -11 + 0?
-11
In base 9, what is 1450 - 0?
1450
In base 9, what is 5 + -442?
-436
In base 7, what is 6610 + -3?
6604
In base 13, what is 10a - -58?
165
In base 10, what is 3 - -458?
461
In base 9, what is -1 + -347?
-348
In base 4, what is 3100 - 10?
3030
In base 13, what is 66 - 43?
23
In base 5, what is 4 + 4?
13
In base 7, what is -15 + 1022?
1004
In base 3, what is -12 - 2122?
-2211
In base 12, what is -43 + -2?
-45
In base 5, what is -322 - 141?
-1013
In base 13, what is -133 - 14?
-147
In base 3, what is 221 + 2210?
10201
In base 5, what is 4 + -4030?
-4021
In base 4, what is -3 - -32003?
32000
In base 9, what is -18 + -3?
-22
In base 8, what is 3 - 743?
-740
In base 15, what is 34 - -4?
38
In base 2, what is 111100100 + 101?
111101001
In base 8, what is -44 - 10?
-54
In base 8, what is -5 + -35?
-42
In base 14, what is -1 + -83?
-84
In base 4, what is -1121 - 10?
-1131
In base 13, what is -183 - -3?
-180
In base 7, what is -5 - -2212?
2204
In base 13, what is 4 - -972?
976
In base 12, what is 5 + -a0a?
-a05
In base 15, what is -9 - 2?
-b
In base 10, what is 1 + 27?
28
In base 3, what is 11202 + -22?
11110
In base 7, what is 43 + -3?
40
In base 9, what is 4430 + 2?
4432
In base 16, what is -1 + -4?
-5
In base 4, what is -2001 - 1201?
-3202
In base 12, what is 4a0 - 5?
497
In base 15, what is -545 - 5?
-54a
In base 10, what is -2 + 296?
294
In base 3, what is -2210120 - 12?
-2210202
In base 15, what is 406 + 0?
406
In base 11, what is 148 + 3?
150
In base 13, what is -338 + -2b?
-366
In base 5, what is 241 - 114?
122
In base 7, what is -25 + -546?
-604
In base 9, what is 10 - -11?
21
In base 8, what is 31 + 26?
57
In base 15, what is -1 + -524?
-525
In base 10, what is -4 - -42?
38
In base 10, what is -24 - -10?
-14
In base 12, what is 42 + 6?
48
In base 9, what is -8 - -56?
47
In base 5, what is -33 - -21?
-12
In base 12, what is 4 - -4?
8
In base 14, what is 0 + 1b7?
1b7
In base 12, what is -4 + -2023?
-2027
In base 10, what is 3 - -76?
79
In base 7, what is 3 + -650?
-644
In base 14, what is -1 - -24?
23
In base 10, what is 25421 - 1?
25420
In base 4, what is -32103 + -10?
-32113
In base 13, what is -c - -30?
21
In base 16, what is f + -f?
0
In base 4, what is -32 + 2?
-30
In base 11, what is 26 + -3?
23
In base 2, what is -110 + -1000101?
-1001011
In base 8, what is -357 + -6?
-365
In base 14, what is -1 - a4?
-a5
In base 9, what is 2 + -102?
-100
In base 4, what is 2 + 1?
3
In base 10, what is -1 - 681?
-682
In base 14, what is -2 - -11?
d
In base 4, what is -11222 - -12?
-11210
In base 8, what is -4 - -103?
77
In base 12, what is -6563 - -5?
-655a
In base 3, what is 12001 - -2?
12010
In base 8, what is -1570 - 3?
-1573
In base 2, what is 110101101 - -101?
110110010
In base 13, what is -c5a - a?
-c67
In base 15, what is -3 - -13?
10
In base 14, what is 83ab + -4?
83a7
In base 5, what is 2 + -232?
-230
In base 12, what is 12 - 19?
-7
In base 2, what is 1011 + -11000?
-1101
In base 3, what is -12100 + -1211?
-21011
In base 10, what is -8 - -74?
66
In base 6, what is -33 + -1334?
-1411
In base 10, what is -5 - -56?
51
In base 8, what is 2 - 254?
-252
In base 12, what is -5 + 104?
bb
In base 4, what is -1121101 + -3?
-1121110
In base 8, what is -3 + 147?
144
In base 7, what is -323 + 2?
-321
In base 14, what is 22 + 72?
94
In base 6, what is -1 - 52?
-53
In base 11, what is -245 - 5?
-24a
In base 7, what is -1514 - 6?
-1523
In base 16, what is -2 - -1c?
1a
In base 3, what is 1002222 + -1?
1002221
In base 8, what is 0 + -232?
-232
In base 2, what is -110010 - -10?
-110000
In base 9, what is -2 + -58?
-61
In base 8, what is -24 - 24?
-50
In base 14, what is -3 + -1bb?
-1c0
In base 11, what is 3 - a5?
-a2
In base 9, what is 8524 + 2?
8526
In base 5, what is 3 + 2124?
2132
In base 6, what is 0 - 135?
-135
In base 8, what is 4 + 252?
256
In base 15, what is 1 + -217?
-216
In base 14, what is 2 + -303b?
-3039
In base 10, what is 532 - 3?
529
In base 16, what is -1 - 255?
-256
In base 11, what is 34 + 3?
37
In base 6, what is -2234 + 0?
-2234
In base 14, what is -2 + -2d8?
-2da
In base 6, what is -1435 - 53?
-1532
In base 6, what is -45412 + 5?
-45403
In base 12, what is -5793 + -5?
-5798
In base 4, what is -2203 + -103?
-2312
In base 6, what is -11454 - 5?
-11503
In base 15, what is 2 + -55?
-53
In base 5, what is -4 - -220?
211
In base 12, what is -17 + 922?
907
In base 11, what is 1819 + 5?
1823
In base 12, what is 2 + -57?
-55
In base 4, wh